{"id":660,"date":"2023-04-28T17:58:23","date_gmt":"2023-04-28T17:58:23","guid":{"rendered":"https:\/\/demo.elcaminoweb.com.gt\/?post_type=product&#038;p=660"},"modified":"2023-05-08T18:32:10","modified_gmt":"2023-05-08T18:32:10","slug":"pagina-web-informativa","status":"publish","type":"product","link":"https:\/\/elcaminoweb.com.gt\/?product=pagina-web-informativa","title":{"rendered":"Plan Posicionamiento"},"content":{"rendered":"<p class=\"has-medium-font-size\">\u00bfEst\u00e1 buscando una forma de llevar su negocio al siguiente nivel en l\u00ednea? Una p\u00e1gina web informativa es la soluci\u00f3n perfecta. En nuestra empresa, ofrecemos servicios de dise\u00f1o y desarrollo de p\u00e1ginas web informativas personalizadas para satisfacer las necesidades de su empresa.<\/p>\r\n<p class=\"has-medium-font-size\">Ofrecemos:<\/p>\r\n\r\n<ul>\r\n \t<li class=\"has-medium-font-size\">\u2013 Promociona tu marca posicion\u00e1ndote en los mejores buscadores<\/li>\r\n \t<li class=\"has-medium-font-size\">\u2013 Formulario de Contacto personalizado<\/li>\r\n \t<li class=\"has-medium-font-size\">\u2013 Google Analytics<\/li>\r\n \t<li class=\"has-medium-font-size\">\u2013 Servidor de ultima generaci\u00f3n Amazon<\/li>\r\n \t<li class=\"has-medium-font-size\">\u2013 Certificado de seguridad incluido<\/li>\r\n \t<li class=\"has-medium-font-size\">\u2013 Manejador de DNS Amazon Route 53<\/li>\r\n<\/ul>","protected":false},"excerpt":{"rendered":"<ul class=\"price-list\">\n<li>Servidor por un a\u00f1o<\/li>\n<li>Certificado de seguridad<\/li>\n<li>Dise\u00f1adas en WordPress administrable, entregamos administrador de contenido<\/li>\n<li>Sin l\u00edmite de secciones<\/li>\n<\/ul>\n","protected":false},"featured_media":515,"template":"","meta":{"_mi_skip_tracking":false},"product_cat":[36],"product_tag":[],"class_list":{"0":"post-660","1":"product","2":"type-product","3":"status-publish","4":"has-post-thumbnail","6":"product_cat-paginas-web","8":"first","9":"instock","10":"shipping-taxable","11":"purchasable","12":"product-type-simple"},"aioseo_notices":[],"_links":{"self":[{"href":"https:\/\/elcaminoweb.com.gt\/index.php?rest_route=\/wp\/v3\/product\/660","targetHints":{"allow":["GET"]}}],"collection":[{"href":"https:\/\/elcaminoweb.com.gt\/index.php?rest_route=\/wp\/v3\/product"}],"about":[{"href":"https:\/\/elcaminoweb.com.gt\/index.php?rest_route=\/wp\/v2\/types\/product"}],"wp:featuredmedia":[{"embeddable":true,"href":"https:\/\/elcaminoweb.com.gt\/index.php?rest_route=\/wp\/v2\/media\/515"}],"wp:attachment":[{"href":"https:\/\/elcaminoweb.com.gt\/index.php?rest_route=%2Fwp%2Fv2%2Fmedia&parent=660"}],"wp:term":[{"taxonomy":"product_cat","embeddable":true,"href":"https:\/\/elcaminoweb.com.gt\/index.php?rest_route=%2Fwp%2Fv2%2Fproduct_cat&post=660"},{"taxonomy":"product_tag","embeddable":true,"href":"https:\/\/elcaminoweb.com.gt\/index.php?rest_route=%2Fwp%2Fv2%2Fproduct_tag&post=660"}],"curies":[{"name":"wp","href":"https:\/\/api.w.org\/{rel}","templated":true}]}}